{"id":31654,"date":"2024-08-17T19:43:09","date_gmt":"2024-08-17T17:43:09","guid":{"rendered":"https:\/\/arcars.be\/product\/vendu-nissan-micra-1-2i\/"},"modified":"2024-08-26T00:21:13","modified_gmt":"2024-08-25T22:21:13","slug":"vendu-nissan-micra-1-2i","status":"publish","type":"product","link":"https:\/\/arcars.be\/fr\/product\/vendu-nissan-micra-1-2i\/","title":{"rendered":"(VENDU) Nissan Micra 1.2i"},"content":{"rendered":"<div style=\"font-family: Arial, sans-serif; max-width: 800px; margin: 0 auto; padding: 20px; background-color: #f9f9f9; border: 1px solid #ddd; border-radius: 10px;\">\n<h2 style=\"color: #333; text-align: center;\">Informations sur le v\u00e9hicule<\/h2>\n<div style=\"margin-bottom: 20px;\">\n<h3 style=\"color: #666;\">Description<\/h3>\n<p style=\"color: #444; line-height: 1.6;\">Tr\u00e8s belle NISSAN MICRA 1.2i 80HP 5-DOOR en excellent \u00e9tat avec un tr\u00e8s faible kilom\u00e9trage et l&#8217;\u00e9quipement de s\u00e9rie EURO 6B.<\/p>\n<p style=\"color: #444; line-height: 1.6;\">CETTE VOITURE A TOUJOURS \u00c9T\u00c9 PARFAITEMENT ENTRETENUE CHEZ NISSAN AVEC UN CARNET D&#8217;ENTRETIEN COMPLET.<\/p>\n<p style=\"color: #444; line-height: 1.6;\">DATE DU PREMIER ENREGISTREMENT : 22\/03\/2016<\/p>\n<p style=\"color: #444; line-height: 1.6;\">LES CARACT\u00c9RISTIQUES DU V\u00c9HICULE COMPRENNENT : CLIMATISATION, ORDINATEUR DE BORD, PORTS AUX + USB, VITRES ET R\u00c9TROVISEURS \u00c9LECTRIQUES, RADIO CD AVEC COMMANDES AU VOLANT, VERROUILLAGE CENTRAL, ABS, ET PLUS ENCORE.<\/p>\n<p style=\"color: #444; line-height: 1.6;\">LE V\u00c9HICULE EST LIVR\u00c9 AVEC :<\/p>\n<ul style=\"color: #444; line-height: 1.6; padding-left: 20px; list-style-type: disc;\">\n<li>GARANTIE L\u00c9GALE DE 1 AN<\/li>\n<li>INSPECTION \u00c0 VENDRE AVEC CARPASS<\/li>\n<li>ENTRETIEN ET CONTR\u00d4LE GRATUITS AVANT LA LIVRAISON<\/li>\n<li>SERVICES D&#8217;ENTRETIEN DISPONIBLES DANS NOTRE PROPRE ATELIER<\/li>\n<li>POSSIBILIT\u00c9 D&#8217;\u00c9CHANGER VOTRE V\u00c9HICULE<\/li>\n<\/ul>\n<div dir=\"auto\">AR CARS | Oudenaarde<\/div>\n<div dir=\"auto\">0472\/97.45.37<\/div>\n<p style=\"color: #666;\"><span style=\"color: #888888; font-family: Arial, sans-serif; font-size: 0.9em; font-weight: 400;\">Nous ne sommes pas responsables des erreurs ou des inscriptions incorrectes dans nos annonces.<\/span><\/p>\n<h3 style=\"color: #666;\">D\u00e9tails de base<\/h3>\n<ul style=\"list-style-type: none; padding-left: 0;\">\n<li>\ud83d\ude97 <strong>Type de carrosserie :<\/strong> Berline<\/li>\n<li>\ud83d\udee0\ufe0f <strong>Cat\u00e9gorie :<\/strong> Occasion<\/li>\n<li>\ud83d\udd27 <strong>Conduite :<\/strong> Traction avant<\/li>\n<li><strong>Si\u00e8ges :<\/strong> 5<\/li>\n<li>\ud83d\udeaa <strong>Portes :<\/strong> 5<\/li>\n<li>\ud83c\udd94 <strong>Num\u00e9ro d&#8217;annonce :<\/strong> 018<\/li>\n<li>\u23f3 <strong>Garantie :<\/strong> 12 mois<\/li>\n<\/ul>\n<\/div>\n<div style=\"margin-bottom: 20px;\">\n<h3 style=\"color: #666;\">Historique du v\u00e9hicule<\/h3>\n<ul style=\"list-style-type: none; padding-left: 0;\">\n<li><strong>Kilom\u00e9trage :<\/strong> 33 704 km<\/li>\n<li>\ud83d\udd27 <strong>Ann\u00e9e de fabrication :<\/strong> 04\/2016<\/li>\n<li>\ud83d\udee0\ufe0f <strong>Derni\u00e8re r\u00e9vision :<\/strong> 06\/2024<\/li>\n<li>\ud83d\udc64 <strong>Propri\u00e9taires pr\u00e9c\u00e9dents :<\/strong> 1<\/li>\n<li>\ud83d\udcd6 <strong>Historique de l&#8217;entretien :<\/strong> Oui<\/li>\n<li>\ud83d\udead <strong>V\u00e9hicule non fumeur :<\/strong> Oui<\/li>\n<\/ul>\n<\/div>\n<div style=\"margin-bottom: 20px;\">\n<h3 style=\"color: #666;\">Sp\u00e9cifications techniques<\/h3>\n<ul style=\"list-style-type: none; padding-left: 0;\">\n<li>\u26a1 <strong>Puissance :<\/strong> 59 kW (80 CV)<\/li>\n<li>\u2699\ufe0f <strong>Transmission :<\/strong> Manuelle<\/li>\n<li>\ud83d\udee2\ufe0f <strong>Capacit\u00e9 du moteur :<\/strong> 1 198 cm\u00b3<\/li>\n<li>\ud83d\udd04 <strong>Engrenages :<\/strong> 5<\/li>\n<li>\ud83d\udd27 <strong>Cylindres :<\/strong> 3<\/li>\n<li>\u2696\ufe0f <strong>Poids :<\/strong> 935 kg<\/li>\n<\/ul>\n<\/div>\n<div style=\"margin-bottom: 20px;\">\n<h3 style=\"color: #666;\">Consommation de carburant<\/h3>\n<ul style=\"list-style-type: none; padding-left: 0;\">\n<li>\ud83c\udf0d <strong>Classe d&#8217;\u00e9mission :<\/strong> Euro 6b<\/li>\n<li><strong>\u26fd Type de carburant :<\/strong> Essence<\/li>\n<li>\ud83d\udee2\ufe0f <strong>Consommation de carburant :<\/strong> 5,0 l\/100 km (combin\u00e9)<\/li>\n<li>\ud83d\udca8 <strong>\u00c9missions de CO2 :<\/strong> 115 g\/km (combin\u00e9es)<\/li>\n<\/ul>\n<\/div>\n<div style=\"margin-bottom: 20px;\">\n<h3 style=\"color: #666;\">Caract\u00e9ristiques<\/h3>\n<h4 style=\"color: #555;\">Confort et commodit\u00e9<\/h4>\n<ul style=\"list-style-type: none; padding-left: 0;\">\n<li>\ud83e\ude91 Banquette arri\u00e8re 1\/3 &#8211; 2\/3<\/li>\n<li>\u2744\ufe0f Climatisation<\/li>\n<li>\ud83d\udecb\ufe0f Accoudoir<\/li>\n<li>\ud83d\udd27 R\u00e9troviseurs \u00e0 r\u00e9glage \u00e9lectrique<\/li>\n<li>\ud83d\udd0c Fen\u00eatres \u00e9lectriques<\/li>\n<li>\ud83c\udf05 Capteur de lumi\u00e8re<\/li>\n<li>\ud83c\udf9b\ufe0f Volant multifonction<\/li>\n<li>\ud83c\udf27\ufe0f Capteur de pluie<\/li>\n<\/ul>\n<h4 style=\"color: #555;\">Divertissement et m\u00e9dias<\/h4>\n<ul style=\"list-style-type: none; padding-left: 0;\">\n<li>\ud83d\udcbb Ordinateur de bord<\/li>\n<li>\ud83d\udcbf Lecteur CD<\/li>\n<li>\ud83c\udfb5 MP3<\/li>\n<li>\ud83d\udcfb Radio<\/li>\n<li>\ud83d\udd0c USB<\/li>\n<\/ul>\n<h4 style=\"color: #555;\">S\u00e9curit\u00e9<\/h4>\n<ul style=\"list-style-type: none; padding-left: 0;\">\n<li>\n<h3 style=\"color: #666;\"><span style=\"font-family: Arial, sans-serif; color: #9a9a9a; font-size: 17px; font-weight: 400;\">\ud83d\uded1 ABS<\/span><\/h3>\n<\/li>\n<li>\ud83d\udc68\u200d\u2708\ufe0f Airbag conducteur<\/li>\n<li>\ud83d\udc69\u200d\u2708\ufe0f Airbag passager<\/li>\n<li>\ud83d\ude97 Contr\u00f4le automatique de la traction<\/li>\n<li>\u26a0\ufe0f Syst\u00e8me de contr\u00f4le de la pression des pneus<\/li>\n<li>\ud83d\udd11 Verrouillage central \u00e0 distance<\/li>\n<li>\ud83d\udd12 Verrouillage central<\/li>\n<li>\ud83c\udf05 Feux de jour<\/li>\n<li>\ud83c\udf00 Programme \u00e9lectronique de stabilit\u00e9<\/li>\n<li>\ud83d\udee1\ufe0f Coussin gonflable pour la t\u00eate<\/li>\n<li>\ud83d\udc76 Isofix<\/li>\n<li>\ud83c\udf2b\ufe0f Feux de brouillard<\/li>\n<li>\ud83d\udd12 Immobilisateur<\/li>\n<li>\ud83d\udd79\ufe0f Direction assist\u00e9e<\/li>\n<li>\ud83d\udee1\ufe0f Airbags lat\u00e9raux<\/li>\n<\/ul>\n<h4 style=\"color: #555;\">Extras<\/h4>\n<ul style=\"list-style-type: none; padding-left: 0;\">\n<li>\u2699\ufe0f Jantes en alliage<\/li>\n<li>\ud83c\udfc1 Spoiler<\/li>\n<\/ul>\n<\/div>\n<div style=\"margin-bottom: 20px;\">\n<h3 style=\"color: #666;\">Couleur et tissu d&#8217;ameublement<\/h3>\n<ul style=\"list-style-type: none; padding-left: 0;\">\n<li>\ud83c\udfa8 <strong>Couleur du corps :<\/strong> vert<\/li>\n<li>\ud83d\udd8c\ufe0f <strong>Type de peinture :<\/strong> M\u00e9tallique<\/li>\n<li>\ud83c\udfa8 <strong>Couleur int\u00e9rieure :<\/strong> Noir<\/li>\n<li>\ud83d\udecb\ufe0f <strong>Mat\u00e9riau int\u00e9rieur :<\/strong> Tissu<\/li>\n<\/ul>\n<\/div>\n<\/div>\n","protected":false},"excerpt":{"rendered":"<div id=\"block-15\" class=\"widget widget_block\" data-area=\"qodef-footer-top-area-column-1\">\n<p>Num\u00e9ro de contact : <a class=\"qodef-custom-footer-style\" href=\"tel:+32472974537 ;\">+32 472 97 45 37<\/a> EMAIL : <a class=\"qodef-custom-footer-style\" href=\"mailto:info@arcars.be ;\">info@arcars.be<\/a> TVA \/ BTW : <a class=\"qodef-custom-footer-style\">BE0727.395.971<\/a> Notre adresse : <a class=\"qodef-custom-footer-style\" href=\"https:\/\/maps.app.goo.gl\/SwBs94itsC8i7qii6\" target=\"_blank\" rel=\"noopener\">Sint-laurentiusstraat 64, 9700 Oudenaarde<\/a><\/p>\n<\/div>\n<div id=\"block-16\" class=\"widget widget_block\" data-area=\"qodef-footer-top-area-column-1\"><\/div>\n","protected":false},"featured_media":31324,"template":"","meta":[],"product_cat":[219,218],"product_tag":[224,221,220,223,222],"class_list":{"0":"post-31654","1":"product","2":"type-product","3":"status-publish","4":"has-post-thumbnail","6":"product_cat-voiture-de-ville","7":"product_cat-voitures","8":"product_tag-euro-6b-fr","9":"product_tag-lessence","10":"product_tag-manuel","11":"product_tag-micra-fr","12":"product_tag-nissan-fr","14":"first","15":"outofstock","16":"shipping-taxable","17":"purchasable","18":"product-type-simple"},"jetpack_sharing_enabled":true,"_links":{"self":[{"href":"https:\/\/arcars.be\/fr\/wp-json\/wp\/v2\/product\/31654","targetHints":{"allow":["GET"]}}],"collection":[{"href":"https:\/\/arcars.be\/fr\/wp-json\/wp\/v2\/product"}],"about":[{"href":"https:\/\/arcars.be\/fr\/wp-json\/wp\/v2\/types\/product"}],"version-history":[{"count":2,"href":"https:\/\/arcars.be\/fr\/wp-json\/wp\/v2\/product\/31654\/revisions"}],"predecessor-version":[{"id":31765,"href":"https:\/\/arcars.be\/fr\/wp-json\/wp\/v2\/product\/31654\/revisions\/31765"}],"wp:featuredmedia":[{"embeddable":true,"href":"https:\/\/arcars.be\/fr\/wp-json\/wp\/v2\/media\/31324"}],"wp:attachment":[{"href":"https:\/\/arcars.be\/fr\/wp-json\/wp\/v2\/media?parent=31654"}],"wp:term":[{"taxonomy":"product_cat","embeddable":true,"href":"https:\/\/arcars.be\/fr\/wp-json\/wp\/v2\/product_cat?post=31654"},{"taxonomy":"product_tag","embeddable":true,"href":"https:\/\/arcars.be\/fr\/wp-json\/wp\/v2\/product_tag?post=31654"}],"curies":[{"name":"wp","href":"https:\/\/api.w.org\/{rel}","templated":true}]}}

<div style="font-family: Arial, sans-serif; max-width: 800px; margin: 0 auto; padding: 20px; background-color: #f9f9f9; border: 1px solid #ddd; border-radius: 10px;">
<h2 style="color: #333; text-align: center;">Informations sur le véhicule</h2>
<div style="margin-bottom: 20px;">
<h3 style="color: #666;">Description</h3>
<p style="color: #444; line-height: 1.6;">Très belle NISSAN MICRA 1.2i 80HP 5-DOOR en excellent état avec un très faible kilométrage et l&#8217;équipement de série EURO 6B.</p>
<p style="color: #444; line-height: 1.6;">CETTE VOITURE A TOUJOURS ÉTÉ PARFAITEMENT ENTRETENUE CHEZ NISSAN AVEC UN CARNET D&#8217;ENTRETIEN COMPLET.</p>
<p style="color: #444; line-height: 1.6;">DATE DU PREMIER ENREGISTREMENT : 22/03/2016</p>
<p style="color: #444; line-height: 1.6;">LES CARACTÉRISTIQUES DU VÉHICULE COMPRENNENT : CLIMATISATION, ORDINATEUR DE BORD, PORTS AUX + USB, VITRES ET RÉTROVISEURS ÉLECTRIQUES, RADIO CD AVEC COMMANDES AU VOLANT, VERROUILLAGE CENTRAL, ABS, ET PLUS ENCORE.</p>
<p style="color: #444; line-height: 1.6;">LE VÉHICULE EST LIVRÉ AVEC :</p>
<ul style="color: #444; line-height: 1.6; padding-left: 20px; list-style-type: disc;">
<li>GARANTIE LÉGALE DE 1 AN</li>
<li>INSPECTION À VENDRE AVEC CARPASS</li>
<li>ENTRETIEN ET CONTRÔLE GRATUITS AVANT LA LIVRAISON</li>
<li>SERVICES D&#8217;ENTRETIEN DISPONIBLES DANS NOTRE PROPRE ATELIER</li>
<li>POSSIBILITÉ D&#8217;ÉCHANGER VOTRE VÉHICULE</li>
</ul>
<div dir="auto">AR CARS | Oudenaarde</div>
<div dir="auto">0472/97.45.37</div>
<p style="color: #666;"><span style="color: #888888; font-family: Arial, sans-serif; font-size: 0.9em; font-weight: 400;">Nous ne sommes pas responsables des erreurs ou des inscriptions incorrectes dans nos annonces.</span></p>
<h3 style="color: #666;">Détails de base</h3>
<ul style="list-style-type: none; padding-left: 0;">
<li>🚗 <strong>Type de carrosserie :</strong> Berline</li>
<li>🛠️ <strong>Catégorie :</strong> Occasion</li>
<li>🔧 <strong>Conduite :</strong> Traction avant</li>
<li><strong>Sièges :</strong> 5</li>
<li>🚪 <strong>Portes :</strong> 5</li>
<li>🆔 <strong>Numéro d&#8217;annonce :</strong> 018</li>
<li>⏳ <strong>Garantie :</strong> 12 mois</li>
</ul>
</div>
<div style="margin-bottom: 20px;">
<h3 style="color: #666;">Historique du véhicule</h3>
<ul style="list-style-type: none; padding-left: 0;">
<li><strong>Kilométrage :</strong> 33 704 km</li>
<li>🔧 <strong>Année de fabrication :</strong> 04/2016</li>
<li>🛠️ <strong>Dernière révision :</strong> 06/2024</li>
<li>👤 <strong>Propriétaires précédents :</strong> 1</li>
<li>📖 <strong>Historique de l&#8217;entretien :</strong> Oui</li>
<li>🚭 <strong>Véhicule non fumeur :</strong> Oui</li>
</ul>
</div>
<div style="margin-bottom: 20px;">
<h3 style="color: #666;">Spécifications techniques</h3>
<ul style="list-style-type: none; padding-left: 0;">
<li>⚡ <strong>Puissance :</strong> 59 kW (80 CV)</li>
<li>⚙️ <strong>Transmission :</strong> Manuelle</li>
<li>🛢️ <strong>Capacité du moteur :</strong> 1 198 cm³</li>
<li>🔄 <strong>Engrenages :</strong> 5</li>
<li>🔧 <strong>Cylindres :</strong> 3</li>
<li>⚖️ <strong>Poids :</strong> 935 kg</li>
</ul>
</div>
<div style="margin-bottom: 20px;">
<h3 style="color: #666;">Consommation de carburant</h3>
<ul style="list-style-type: none; padding-left: 0;">
<li>🌍 <strong>Classe d&#8217;émission :</strong> Euro 6b</li>
<li><strong>⛽ Type de carburant :</strong> Essence</li>
<li>🛢️ <strong>Consommation de carburant :</strong> 5,0 l/100 km (combiné)</li>
<li>💨 <strong>Émissions de CO2 :</strong> 115 g/km (combinées)</li>
</ul>
</div>
<div style="margin-bottom: 20px;">
<h3 style="color: #666;">Caractéristiques</h3>
<h4 style="color: #555;">Confort et commodité</h4>
<ul style="list-style-type: none; padding-left: 0;">
<li>🪑 Banquette arrière 1/3 &#8211; 2/3</li>
<li>❄️ Climatisation</li>
<li>🛋️ Accoudoir</li>
<li>🔧 Rétroviseurs à réglage électrique</li>
<li>🔌 Fenêtres électriques</li>
<li>🌅 Capteur de lumière</li>
<li>🎛️ Volant multifonction</li>
<li>🌧️ Capteur de pluie</li>
</ul>
<h4 style="color: #555;">Divertissement et médias</h4>
<ul style="list-style-type: none; padding-left: 0;">
<li>💻 Ordinateur de bord</li>
<li>💿 Lecteur CD</li>
<li>🎵 MP3</li>
<li>📻 Radio</li>
<li>🔌 USB</li>
</ul>
<h4 style="color: #555;">Sécurité</h4>
<ul style="list-style-type: none; padding-left: 0;">
<li>
<h3 style="color: #666;"><span style="font-family: Arial, sans-serif; color: #9a9a9a; font-size: 17px; font-weight: 400;">🛑 ABS</span></h3>
</li>
<li>👨‍✈️ Airbag conducteur</li>
<li>👩‍✈️ Airbag passager</li>
<li>🚗 Contrôle automatique de la traction</li>
<li>⚠️ Système de contrôle de la pression des pneus</li>
<li>🔑 Verrouillage central à distance</li>
<li>🔒 Verrouillage central</li>
<li>🌅 Feux de jour</li>
<li>🌀 Programme électronique de stabilité</li>
<li>🛡️ Coussin gonflable pour la tête</li>
<li>👶 Isofix</li>
<li>🌫️ Feux de brouillard</li>
<li>🔒 Immobilisateur</li>
<li>🕹️ Direction assistée</li>
<li>🛡️ Airbags latéraux</li>
</ul>
<h4 style="color: #555;">Extras</h4>
<ul style="list-style-type: none; padding-left: 0;">
<li>⚙️ Jantes en alliage</li>
<li>🏁 Spoiler</li>
</ul>
</div>
<div style="margin-bottom: 20px;">
<h3 style="color: #666;">Couleur et tissu d&#8217;ameublement</h3>
<ul style="list-style-type: none; padding-left: 0;">
<li>🎨 <strong>Couleur du corps :</strong> vert</li>
<li>🖌️ <strong>Type de peinture :</strong> Métallique</li>
<li>🎨 <strong>Couleur intérieure :</strong> Noir</li>
<li>🛋️ <strong>Matériau intérieur :</strong> Tissu</li>
</ul>
</div>
</div>

<div id="block-15" class="widget widget_block" data-area="qodef-footer-top-area-column-1">
<p>Numéro de contact : <a class="qodef-custom-footer-style" href="tel:+32472974537 ;">+32 472 97 45 37</a> EMAIL : <a class="qodef-custom-footer-style" href="mailto:info@arcars.be ;">info@arcars.be</a> TVA / BTW : <a class="qodef-custom-footer-style">BE0727.395.971</a> Notre adresse : <a class="qodef-custom-footer-style" href="https://maps.app.goo.gl/SwBs94itsC8i7qii6" target="_blank" rel="noopener">Sint-laurentiusstraat 64, 9700 Oudenaarde</a></p>
</div>
<div id="block-16" class="widget widget_block" data-area="qodef-footer-top-area-column-1"></div>
